18 - 880 - (-2 + -1)?
41
What is the value of 67 + (123 + -117 - (-7 - (0 - 0)))?
80
-80 + (5 + (-5 - 2) - -17) - -10
-55
10826 + -10767 - (2 + -21)
78
What is 10 + -1 + (-13 - -8) + -12?
-8
What is the value of -132 + 3 + (-1088 - -1170)?
-47
What is (-59 - -108) + -55 - (4 - (24 + 2))?
16
208 + -249 - (-6 - 1)
-34
Calculate -7 - ((11 + -12 - 7 - 0) + -56 + 2).
55
What is 468 + -533 + 27 + 3 + -1?
-36
Evaluate -42 + -69 + -30 + 114.
-27
Calculate 0 + (1 - 2) + 1 + (5695 - 5684) + -17.
-6
Calculate (64 + 1 - (6 + -2)) + (-9 - 33 - -36).
55
What is the value of -21 + 10 - (-47 - -8) - ((-11 - -26) + -11)?
24
What is 1 + -4 + -15 + 59 + 12?
53
Evaluate 2 + (-12 - 10) + -31 + -34.
-85
137 - ((-28 - -12 - 5) + 0 + 18)
140
What is the value of -9 + -4 - (-15 + (9 - (-21 + -14)))?
-42
What is the value of 86 - 149 - (-27 - -13 - 12)?
-37
What is (-44 - -28) + 40 + 0 + -75?
-51
-88 - (-177 - (-16 - 78))
-5
What is the value of (-3095 + 3113 - (1 - (-2 + -14))) + (-3 - -1)?
-1
What is the value of 111 + 54 - 85 - (-4 - 35)?
119
Evaluate 348 + -333 + 1 + 19 + -1.
34
Evaluate ((-4 - (13 - 27)) + 16 - 2) + -16.
8
What is -65 + (-1 - 2) + -1 + 0 + (-58 - -61)?
-66
What is -583 + 594 + (2 - 31)?
-18
What is the value of 3 - 5 - (-9 - -9) - -14 - (-3 - 0)?
15
Calculate (-34 - (-8 - -7) - 8) + -19.
-60
What is -74 + -13 + 46 - 5?
-46
Calculate -24 - (-6 + (17 - 6) - -43).
-72
Calculate (21 - 22) + 14 + (-8 - (2 - 3)) + -5.
1
Evaluate 5 - 44 - (-8 - (-8 + 29)).
-10
Calculate 335 + -309 + 2 + 12.
40
What is (-7 - (17 + -93 + 35)) + -20?
14
What is the value of (-11 - -14) + -85 - -52?
-30
What is 144 + -218 - (21 - (-3 - 7))?
-105
(15 + -15 - (1 + (5 - 7))) + 8 + -20
-11
What is 3 - -3 - (9 + 0 + (-12 + 8 - 3))?
4
10 + -16 + 10 + 0 - -3 - -5
12
Calculate 7 - ((-7 - -25) + (6 - 23)).
6
What is the value of (-15 + 16 - 3) + 223 + -188?
33
Evaluate (-212 - (-79 + 26)) + 9 + -2.
-152
What is 0 - -1 - -33 - ((-45 - -19) + 18)?
42
What is the value of 12 + (30 - (2 + -5 + 13))?
32
Calculate -32 - (0 - (-2 - 11) - (-274 - -283)).
-36
Calculate (-15 - (-15 + 6)) + (0 - 0) + 50 + -5.
39
7 + 14 + (-31 - -17) - -68 - -8
83
Calculate -11 + (12 + -1 - -5) + 47 + -12.
40
What is the value of (-11 - 32) + (-138 - -133)?
-48
What is (-13 + 74 - 53) + 6 + (-61 - 7)?
-54
24 + -8 + 33 - (-5 + -5 + 2)
57
Calculate 2 - 1 - (33 - 28) - (-19 - -27).
-12
-89 - -65 - -51 - (1 - -85)
-59
What is the value of -4 + -51 + 133 + -129?
-51
What is the value of (3 - -1) + (206 - 223) - 10?
-23
Evaluate (8 - (-14 + 15 + -10)) + (-71 - -87).
33
Evaluate -9 - -12 - ((13 + 7 - -2) + -8) - -62.
51
0 + -19 + (417 - 440) - -21
-21
5 - 5 - (1 + 87) - (-92 - (-225 + 130))
-91
Evaluate -3 + -34 - (0 - (6 + -4) - 4).
-31
Calculate -113 - (62 - 164) - -59.
48
Evaluate (-68 - -47) + 37 + -1 + -27.
-12
What is 2 + -7 + 13 + (-12 - (15 + -12)) + 8?
1
Evaluate -19 + 54 + -18 + -19 + -1.
-3
What is the value of -108 - -218 - (2 + 32)?
76
Calculate 1 + 2 + -2 + 91 - (-46041 - -46027).
106
Calculate (-120 - -50 - -35) + 29.
-6
What is 19 - (19 - (1 + -7 + 13)) - -43?
50
Evaluate 58 - (-14 + -8) - 42.
38
17 + 48 + -21 + -54
-10
Calculate -28 - (23 - (-42 - -80)).
-13
Calculate (36 - (57 - 65)) + -60.
-16
-55 + -6 + 125 + -56
8
Calculate 86 - (38 + -49 + 23).
74
What is the value of (-15 - (-4 + (13 - 16))) + -5?
-13
What is -44 - (-2 - (116 + -28))?
46
Evaluate 7 - (237 + -262 + (27 - -1)).
4
What is (559 - 526 - (4 - -151)) + (-14 - -1)?
-135
15 - (-1 + -35 + 8 - 4)
47
Calculate -28 + -52 + 68 - -16.
4
Calculate (125 - 97) + (3 - 4).
27
What is the value of (1 - -1) + -4 - (34 - (18 - 7 - 14))?
-39
Evaluate -131 - (-13 + -42 - -3).
-79
Calculate -561 - -521 - (16 + (-1 - 2)).
-53
Evaluate (-3 - (0 - -1)) + 118 + -313 + 110.
-89
Calculate -13 - ((-12 - (-1 - 13 - -17)) + 3 + 57).
-58
(32 - (46 + 22)) + 37
1
What is the value of 1 + -2 - 14 - ((-4 - (41 - 33)) + 79)?
-82
What is the value of -1187 + 1229 + (-1 - 56)?
-15
Evaluate (35 - -2) + -2 + 2 + (2 - -2 - -4).
45
139 + -158 + 28 + (6 - 1)
14
Calculate -27 - (-26 + 38 - 20 - -6).
-25
What is (-48 - -18 - (-6 + -21)) + (-1 - 0)?
-4
Calculate 1 - (-43 - 5) - (19 + (-33 - -14)).
49
-7 + -46 + 2 - (27 - (27 + 7))
-44
Calculate (7 - 6) + -19 + 11 + -15 + -11.
-33
Calculate -13 + 7 + 58 + -54 + 61 + -2.
57
What is 16 + (14 - 14) - (11 - (1 - (-15 - -8)))?
13
What is the value of 1 + 46 - (-6 + 4 - -4)?
45
10 + 1 - (464 + -480) - -18
45
Evaluate 20 + (9 + -120 - -19) - (-9 + 2) - -10.
-55
-48 - -278 - 92 - 73
65
What is the value of (4 - 2) + -2 + 1 - (-85 - (15 - 56))?
45
2 - (5 - (28 + (15 - 39)))
1
Calculate 60 - (-27 - (-16 + 5)).
76
What is -3 + 14 + (7 + 0 + 0 - 3 - -41)?
56
What is the value of -7911 + 7901 - (60 - (1 + (-3 - -2)))?
-70
What is 2 - (-15 + 15) - -29?
31
What is the value of (-2 - -17 - (362 - 446)) + (-1 - -3 - 1)?
100
-28 - (-17 - (-6 + 1)) - (-23 - -29)
-22
What is the value of 2 + 2 + 42 - (39 - 41 - -8)?
40
What is the value of (2 - 7) + (26 - 23) + (5 - 0)?
3
What is the value of (3 - -35) + -78 + 33?
-7
Calculate 10 + -5 + 6 - -5 - (29 + -17).
4
Calculate -42 - -91 - 47 - (3 + 1) - 50.
-52
Evaluate (-16 - (-20 + 10) - -9) + 3 + 18 + 3.
27
Calculate -10 - -35 - (693 + -579).
-89
Calculate 113 - 8 - 102 - 1.
2
What is 9 + (-9 - -13) + 19 + 19?
51
0 + 34 - (-89 - (13 + -43))
93
What is the value of (247 - 279) + 8 + (12 - 10)?
-22
Evaluate (0 + -37 - (-125 - -134)) + 14.
-32
What is the value of 18 + -10 + -4 + 21 + 11?
36
15 - (27 - (-1 + (23 - 9)))
1
What is -32 - -25 - -76 - 33?
36
12 - (21 + 2 + (204 - 217)) - 29
-27
What is (-11 - (-8 - -11)) + 6 + 30 + 19?
41
What is the value of 8 - 6 - 7 - (94 - 82)?
-17
Calculate 52 + -2 + 12 + 257 + -278.
41
What is the value of 26 + -67 + -50 + 66?
-25
2 - -9 - (22 - 11) - (2 - 11) - 29
-20
Evaluate -12 + (-20 - -18) + 89 + 18.
93
What is 11 + -1 + -4 + (-1 - (-2 + -5 - 1))?
13
-24 - -7 - -7 - (13 - 81)
58
Evaluate (-319 - (-243 - 79)) + -85 + -1.
-83
-73 + 43 + 3 - (0 + (-3 - 6))
-18
Calculate (7 - (5 + 5 + -1)) + 24.
22
What is 6 - 4 - (37 - 42) - (0 + 54 - -3)?
-50
Calculate -2 + -2 + -64 + (1 + (-20 - -31) - 19).
-75
What is the value of (-21 - (-21 + 18)) + 65?
47
What is -115 + 154 + -117 - -7?
-71
What is the value of (0 - 8) + 1 + (70 - 10) + 1 + 6?
60
-46 - 3 - ((-2 - 6) + 64 + 14 + -66)
-53
Evaluate -29 - (106 + -18 + -37).
-80
What is the value of (3 - 41) + 101 + 2 + -75?
-10
What is (20 - 1) + (146 + -64 - 66)?
35
Evaluate 270 + (54 - 141) - 80.
103
(66 + -44 - -36) + -58
0
(20 - 13) + (-4 - 2 - (2 + 2))
-3
78 + 34 + -60 - 57
-5
Calculate (0 + 0 - (60 - 102)) + (17 - 12) + 0.
47
(-66 - -64 - (-2 - -10)) + (-49 - (0 + 2))
-61
Calculate -4 - (-86 + 3) - (167 - 165) - -6.
83
What is -8 - 17 - 0 - (-18 - -17 - 6)?
-18
Evaluate 1 - -20 - -2 - (-1 + -25 + -346 + 362).
33
Evaluate -61 - (-50 - -6 - -40).
-57
What is the value of -22 - -30 - (-49 + (3 - (0 - 3 - 0)))?
51
What is -4 - (30 - (-30 - -90 - 26))?
0
What is 124 + (-75 - (-8 - -178))?
-121
Calculate -130 - (10 + (-24 - 22)) - 2.
-96
Evaluate (-6 - -13 - 11) + 0 + -39.
-43
Evaluate -87 + 82 + -41 - (13 - 0).
-59
What is the value of 2 + (-26 + -42 - -38)?
-28
What is (63 - 3) + -41 - (-4 + -44)?
67
What is the value of -8 - (-19 + 0 - (314 - 310))?
15
11 + 15 + (26 - (2 - -4))
46
(15 - -6 - -2) + -11 - (11 + (-7 - 10))
18
3 - (2 - -2) - (139 - 212) - -14
86
Evaluate -29 + 2 + 3195 + -3271.
-103
What is -802 + 768 + 1 + -12?
-45
What is 45 + 7 + (-5 - -1) + -4?
44
Evaluate 61 + (0 + 40 - (566 + -546)).
81
Evaluate (-14 - (17 - (58 + -23))) + (53 - -1).
58
-300 + (-272 - -532) - (1 + 97)
-138
What is (-8 + 1 - 1) + -2 + 12 + -16?
-14
Calculate 1 + 2 + 0 - (-526 + 437).
92
What is the value of (1 - -61) + (0 - 18 - (-22 + -4))?
70
What is 21 + -82 - -117 - 38?
18
-76 - -27 - (20 - -3)
-72
Evaluate 26 + -27 + -8 + (17 - 2) + -1 - 49.
-44
Evaluate (-1 - -106) + (34 + -142 - -149) + (-26 - 1).
119
Evaluate 14 + (-9 - -8) + (-16 + 31 - -36).
64
Evaluate 28 - (-430 + 448 + (0 - -27)).
-17
-20 + (61 - 29) + 34
46
Evaluate 1 - -1 - ((2 - 14) + -62 - (22 + -37)).
61
-67 + 1 + -5 + 19 + -3
-55
Evaluate -1 + -1 + 80 + (-45 + 34 - 19) + 42.
90
What is the value of (62 - 2) + -3 + 2 - (21 + -33)?
71
What is -47 + (419 + -421 - (-15 + 1))?
-3